{"id":4,"date":"2013-02-14T17:17:16","date_gmt":"2013-02-14T16:17:16","guid":{"rendered":"http:\/\/bitss.pl\/?page_id=4"},"modified":"2013-12-17T11:47:57","modified_gmt":"2013-12-17T10:47:57","slug":"o-nas","status":"publish","type":"page","link":"https:\/\/bitss.pl\/?page_id=4","title":{"rendered":"O nas"},"content":{"rendered":"<p>BITSS.pl a dok\u0142adniej Boryczko IT Support Solutions to specjali\u015bci od szeroko poj\u0119tego wsparcia w bran\u017cy IT. Kilka lat temu profilem naszej dzia\u0142alno\u015bci by\u0142o wsparcie medycyny rozwi\u0105zaniami IT. Aktualnie wspieramy w prawie wszystkich obszarach takich jak:<\/p>\n<ul>\n<li>E-Commerce<\/li>\n<li>Point Of Sale<\/li>\n<li>Logistyke,<\/li>\n<li>Medycyna<\/li>\n<li>Bran\u017ca budowlana<\/li>\n<li>Sprzeda\u017c<\/li>\n<\/ul>\n<p>Projektujemy rozwi\u0105zania od przys\u0142owiowego zera lub administrujemy \u015brodowiskiem ju\u017c uruchomionym. Od kilku lat prowadzimy profesjonalny HelpDesk z dedykowanymi numerami telefon\u00f3w dla naszych klient\u00f3w.<\/p>\n<p>Specjalizujemy si\u0119 w budowie i utrzymywaniu \u015brodowisk rozproszonych takich jak sklepy, salony lub biura. Nasi specjali\u015bci od lat projektuj\u0105, przygotowuj\u0105, otwieraj\u0105 a nast\u0119pnie utrzymuj\u0105 sklepy w ca\u0142ej Polsce. Mamy w portfolio ponad 200 otwartych sklep\u00f3w dla r\u00f3\u017cnych marek.<\/p>\n<p>Zapewniamy audyty bezpiecze\u0144stwa sieci, sprz\u0119tu oraz oprogramowania. Podpowiadamy rozwi\u0105zania, kt\u00f3re jeszcze bardziej uproszcz\u0105 procesy zarz\u0105dzaj\u0105ce.<\/p>\n<p>Profilem naszej dzia\u0142alno\u015bci jest dostarczanie naszym klientom naj\u015bwie\u017cszych rozwi\u0105za\u0144 tak aby ich biznes\u00a0 dzia\u0142a\u0142 lepiej, szybciej i wydajniej. Jeste\u015bmy m\u0142odym, dynamicznym i szybko rozwijaj\u0105cym si\u0119 zespo\u0142em. Stosujemy zasad\u0119 : &#8221; Je\u017celi czego\u015b nie da si\u0119 zrobi\u0107 potrzebny jest kto\u015b, kto o tym nie wie. Przyjdzie i to zrobi&#8221;<\/p>\n<p>Do ka\u017cdego klienta podchodzimy indywidualnie a to sprawia, ze nasze propozycje s\u0105 zawsze na najwy\u017cszym poziomie.\u00a0Zako\u0144czone z powodzeniem projekty i zadowoleni klienci pokazali nam, \u017ce mali mog\u0105 wi\u0119cej, szybciej a przede wszystkim w korzystnych cenach.<\/p>\n<h5 style=\"text-align: center;\"><\/h5>\n","protected":false},"excerpt":{"rendered":"<p>BITSS.pl a dok\u0142adniej Boryczko IT Support Solutions to specjali\u015bci od szeroko poj\u0119tego wsparcia w bran\u017cy IT. Kilka lat temu profilem naszej dzia\u0142alno\u015bci by\u0142o wsparcie medycyny rozwi\u0105zaniami IT. Aktualnie wspieramy w prawie wszystkich obszarach takich jak: E-Commerce Point Of Sale Logistyke, Medycyna Bran\u017ca budowlana Sprzeda\u017c Projektujemy rozwi\u0105zania od przys\u0142owiowego zera lub administrujemy \u015brodowiskiem ju\u017c uruchomionym. Od [&hellip;]<\/p>\n","protected":false},"author":1,"featured_media":0,"parent":0,"menu_order":0,"comment_status":"open","ping_status":"open","template":"template-page-fullwidth.php","meta":{"footnotes":""},"class_list":["post-4","page","type-page","status-publish","hentry"],"_links":{"self":[{"href":"https:\/\/bitss.pl\/index.php?rest_route=\/wp\/v2\/pages\/4","targetHints":{"allow":["GET"]}}],"collection":[{"href":"https:\/\/bitss.pl\/index.php?rest_route=\/wp\/v2\/pages"}],"about":[{"href":"https:\/\/bitss.pl\/index.php?rest_route=\/wp\/v2\/types\/page"}],"author":[{"embeddable":true,"href":"https:\/\/bitss.pl\/index.php?rest_route=\/wp\/v2\/users\/1"}],"replies":[{"embeddable":true,"href":"https:\/\/bitss.pl\/index.php?rest_route=%2Fwp%2Fv2%2Fcomments&post=4"}],"version-history":[{"count":15,"href":"https:\/\/bitss.pl\/index.php?rest_route=\/wp\/v2\/pages\/4\/revisions"}],"predecessor-version":[{"id":34,"href":"https:\/\/bitss.pl\/index.php?rest_route=\/wp\/v2\/pages\/4\/revisions\/34"}],"wp:attachment":[{"href":"https:\/\/bitss.pl\/index.php?rest_route=%2Fwp%2Fv2%2Fmedia&parent=4"}],"curies":[{"name":"wp","href":"https:\/\/api.w.org\/{rel}","templated":true}]}}